144452 (base 6) to base 10
-14000
What is 2c0c (base 16) in base 3?
120110122
What is 44c5 (base 14) in base 9?
17328
Convert 1000001110 (base 2) to base 3.
201111
Convert -221103 (base 6) to base 3.
-221020110
-1195 (base 13) to base 16
-9b8
Convert 3037 (base 8) to base 10.
1567
What is 2156 (base 8) in base 4?
101232
Convert -121333 (base 4) to base 12.
-b67
Convert -24225 (base 7) to base 15.
-1ce6
5301 (base 6) to base 13
706
6948 (base 10) to base 8
15444
Convert 114c7 (base 14) to base 12.
2045b
Convert 1000100101110111 (base 2) to base 5.
2111231
-3211 (base 4) to base 12
-171
-13324 (base 5) to base 6
-5013
Convert 2843 (base 10) to base 9.
3808
What is -1541 (base 10) in base 13?
-917
168 (base 13) to base 9
313
1962 (base 10) to base 7
5502
Convert -10 (base 2) to base 4.
-2
What is -1010111111110110 (base 2) in base 15?
-d531
Convert -8e20 (base 15) to base 12.
-15570
Convert 2356 (base 14) to base 2.
1100000001000
What is -4571 (base 9) in base 14?
-133b
What is -309 (base 14) in base 3?
-211010
What is 2144111 (base 5) in base 15?
b13b
5245 (base 14) to base 16
375d
4766 (base 8) to base 2
100111110110
1c7 (base 14) to base 15
19b
What is -44b4b (base 12) in base 5?
-10411444
6cd (base 15) to base 9
2104
What is -379c (base 14) in base 16?
-260e
What is -24c1 (base 16) in base 6?
-111321
-10110100010 (base 2) to base 15
-662
Convert 69 (base 15) to base 11.
90
What is -2a (base 12) in base 8?
-42
31b9 (base 15) to base 4
2210130
What is -122300 (base 4) in base 9?
-2312
What is -1882 (base 12) in base 9?
-4068
Convert -38900 (base 12) to base 9.
-127060
What is 240c (base 13) in base 3?
20222020
What is 1b40 (base 15) in base 3?
22002220
What is -74a (base 16) in base 6?
-12350
Convert 1305 (base 8) to base 12.
4b1
What is -122a (base 16) in base 7?
-16362
Convert -84 (base 11) to base 6.
-232
Convert -10200200 (base 3) to base 10.
-2691
What is -223550 (base 6) in base 4?
-10220322
What is 314 (base 12) in base 15?
1ed
What is -13010 (base 4) in base 13?
-28a
302030 (base 6) to base 14
8946
10322302 (base 4) to base 8
47262
What is -62215 (base 8) in base 12?
-12a91
-110102 (base 3) to base 11
-285
752 (base 10) to base 8
1360
-162a (base 15) to base 9
-6474
Convert 20101 (base 6) to base 5.
41004
-1013 (base 10) to base 5
-13023
What is -64401 (base 8) in base 9?
-40777
-d6 (base 16) to base 7
-424
-1220112100 (base 3) to base 5
-2200231
-5a99 (base 14) to base 15
-4a45
2527 (base 14) to base 4
1211213
2023000 (base 4) to base 5
241041
Convert 17134 (base 8) to base 2.
1111001011100
-153a (base 11) to base 3
-2201022
What is 3326 (base 13) in base 11?
53a2
1717 (base 12) to base 11
2085
What is -345 (base 8) in base 5?
-1404
-1001011011001101 (base 2) to base 12
-1a411
1011001010111 (base 2) to base 16
1657
What is -126b0 (base 12) in base 8?
-61144
Convert -2234 (base 6) to base 4.
-20032
958a (base 11) to base 7
51655
-11000110 (base 2) to base 7
-402
Convert 263 (base 8) to base 14.
cb
239 (base 16) to base 11
478
-4362 (base 7) to base 16
-61b
Convert 235163 (base 7) to base 11.
2a031
-3124 (base 5) to base 7
-1131
What is 1116 (base 7) in base 15?
1c0
Convert 44705 (base 10) to base 4.
22322201
11111011 (base 2) to base 3
100022
16087 (base 13) to base 15
c604
-25 (base 13) to base 10
-31
Convert 252 (base 10) to base 16.
fc
72 (base 16) to base 12
96
What is 7806 (base 10) in base 3?
101201010
-54655 (base 7) to base 5
-414321
-1cef (base 16) to base 5
-214112
Convert 1437 (base 11) to base 15.
83a
-573 (base 9) to base 14
-259
Convert 408 (base 10) to base 9.
503
Convert b1b (base 13) to base 16.
75b
Convert -4214 (base 9) to base 12.
-1957
What is -287e (base 16) in base 5?
-312431
-3623 (base 9) to base 14
-da6
Convert 16506 (base 10) to base 7.
66060
Convert -14843 (base 9) to base 11.
-7700
Convert 1632 (base 7) to base 5.
10120
Convert -2645 (base 11) to base 3.
-11201022
Convert -4736 (base 8) to base 5.
-40101
403 (base 14) to base 6
3351
Convert 222200 (base 5) to base 9.
11626
1101110111000000 (base 2) to base 8
156700
What is 32340 (base 5) in base 4?
202230
-1427 (base 9) to base 6
-4554
Convert 11100 (base 5) to base 2.
1100000111
-123 (base 12) to base 2
-10101011
Convert -2660 (base 9) to base 5.
-30443
What is -934 (base 12) in base 13?
-7ba
-200221122 (base 3) to base 10
-13814
2c62 (base 16) to base 8
26142
Convert -201 (base 15) to base 5.
-3301
-19c (base 15) to base 2
-101110100
What is 5550 (base 7) in base 10?
1995
110510 (base 6) to base 10
9258
2033 (base 5) to base 14
152
Convert 100111 (base 3) to base 14.
144
What is 351 (base 10) in base 6?
1343
Convert -5669 (base 13) to base 12.
-6bb2
6202 (base 7) to base 16
86e
Convert 102100200 (base 3) to base 10.
8280
Convert 14572 (base 10) to base 3.
201222201
d32b (base 15) to base 2
1010111000101111
Convert -1530512 (base 6) to base 9.
-145828
10001111 (base 2) to base 9
168
What is aa (base 11) in base 9?
143
Convert 34562 (base 7) to base 16.
22a0
What is -23 (base 12) in base 13?
-21
What is -114230 (base 5) in base 6?
-31551
What is 230102 (base 4) in base 9?
3788
What is -1039 (base 11) in base 16?
-55d
What is -1880 (base 14) in base 4?
-1011020
What is -326626 (base 7) in base 12?
-293b7
1002113 (base 4) to base 9
5738
56771 (base 8) to base 3
1020000000
-516 (base 7) to base 5
-2013
15301 (base 6) to base 7
10150
Convert -1413140 (base 5) to base 14.
-a8b8
Convert 2a73 (base 14) to base 15.
2384
What is cec (base 16) in base 3?
11112112
844 (base 12) to base 8
2264
400131 (base 5) to base 14
47db
-1010021201 (base 3) to base 10
-22078
16a (base 12) to base 8
342
Convert 2209 (base 11) to base 15.
ce3
What is -36064 (base 7) in base 2?
-10010001011011
What is -205e (base 15) in base 14?
-26c7
1221133 (base 4) to base 15
2001
What is 1541 (base 7) in base 10?
617
445 (base 11) to base 13
320
What is 494d (base 15) in base 8?
36356
-261 (base 10) to base 13
-171
-3f24 (base 16) to base 12
-9430
-431 (base 16) to base 8
-2061
What is -401 (base 8) in base 2?
-100000001
Convert -5401 (base 9) to base 6.
-30214
What is -367 (base 11) in base 9?
-534
What is -2541 (base 6) in base 8?
-1175
-b6b5 (base 13) to base 5
-1302304
-381 (base 13) to base 7
-1533
1993 (base 11) to base 2
100111011010
-4aba (base 12) to base 8
-20456
-1826 (base 10) to base 8
-3442
Convert 11456 (base 15) to base 8.
153305
Convert -10603 (base 14) to base 7.
-223303
-4253 (base 8) to base 10
-2219
What is 52 (base 13) in base 11?
61
10101001110 (base 2) to base 15
608
-20406 (base 7) to base 3
-20212100
30dd (base 14) to base 6
103003
Convert 112001 (base 3) to base 12.
277
Convert -1010220 (base 3) to base 14.
-438
-21112 (base 3) to base 15
-d8
What is 31a (base 13) in base 14?
29c
What is 7ba (base 14) in base 6?
11040
What is -151 (base 12) in base 5?
-1310
-2445 (base 9) to base 8
-3437
Convert 10101111100010 (base 2) to base 9.
16362
Convert c9 (base 13) to base 14.
bb
What is 20762 (base 8) in base 11?
6590
Convert 1021330 (base 4) to base 14.
1a20
2460 (base 7) to base 10
924
Convert -1997b (base 13) to base 8.
-141445
3102001 (base 4) to base 3
200102211
Convert -22432 (base 5) to base 14.
-837
Convert -102212 (base 4) to base 7.
-3320
What is a364 (base 12) in base 16?
457c
Convert 475 (base 14) to base 5.
12022
Convert 22424 (base 5) to base 2.
11001001110
What is 3012 (base 4) in base 6?
530
What is -30a (base 12) in base 15?
-1e7
Convert 45011 (base 6) to base 14.
23dd
Convert 11374 (base 10) to base 7.
45106
Convert 12066 (base 8) to base 11.
3984
-365a (base 14) to base 8
-22420
Convert 11001100001100 (base 2) to base 15.
3d13
What is -1010111000001010 (base 2) in base 14?
-12346
What is 10824 (base 14) in base 15?
bccb
What is 1012434 (base 5) in base 6?
204535
Convert 457 (base 12) to base 13.
3a6
What is 14a1 (base 13) in base 3?
11010021
Convert 23002 (base 7) to base 2.
1011011001001
What is -43023 (base 7) in base 14?
-3c4a
What is 4a25 (base 11) in base 3?
100000000
-3bd8 (base 16) to base 8
-35730
19a (base 15) to base 9
451
-266 (base 11) to base 16
-13a
-18ad (base 15) to base 5
-132323
Convert 1375 (base 11) to base 5.
24101
Convert -41751 (base 8) to base 12.
-a089
Convert -85b (base 12) to base 15.
-568
What is b4b (base 16) in base 6?
21215
